{"id":345,"date":"2014-06-29T21:35:44","date_gmt":"2014-06-29T20:35:44","guid":{"rendered":"http:\/\/archeopressja.wordpress.com\/?page_id=345"},"modified":"2014-06-29T21:35:44","modified_gmt":"2014-06-29T20:35:44","slug":"aktualnosci-biezace-dzialania","status":"publish","type":"page","link":"https:\/\/www.archeopressja.pl\/?page_id=345","title":{"rendered":"AKTUALNO\u015aCI BIE\u017b\u0104CE DZIA\u0141ANIA"},"content":{"rendered":"<p><!-- [if !mso]&gt;--><\/p>\n<p><!-- [if gte mso 9]&gt;--><\/p>\n<p class=\"MsoNormal\" style=\"text-align:center;line-height:normal;margin:0 0 .0001pt 18pt;\" align=\"center\"><!-- [if gte mso 9]&gt;--><\/p>\n<p><!-- [if gte mso 9]&gt;--><\/p>\n<p style=\"text-align:center;\"><strong>Najbli\u017csze planowane dzia\u0142ania:<\/strong><\/p>\n<p><strong>\u00a0<\/strong><\/p>\n<p style=\"text-align:center;\"><strong>Etap III<\/strong><\/p>\n<p>Kulminacja: Przywracanie pami\u0119ci o wydarzeniach z lat 1914-1915 w rejonie Rawki w setn\u0105\u00a0rocznic\u0119\u00a0Wielkiej Wojny<\/p>\n<p style=\"text-align:center;\"><strong>25 lipca (pi\u0105tek)<\/strong><\/p>\n<p>Rozstrzygni\u0119cie konkursu pt.\u00a0<em>Pierwsza wojna\u00a0\u015bwiatowa nad Rawk\u0105\u00a0i Bzur\u0105. TO by\u0142o w\u0142a\u015bnie TU!\u00a0<\/em><\/p>\n<p>EWENTUALNE DZIA\u0141ANIA EDUKACYJNE Z UDZIA\u0141EM GO\u015aCI Z NIEMIEC I M\u0141ODZIE\u017bY OTWARTEJ NA WSP\u00d3\u0141PRAC\u0118\u00a0 POLSKO-NIEMIECK\u0104 (zainteresowani uczestnictwem proszeni s\u0105 kontakt z azalew@op.pl)<\/p>\n<p>&nbsp;<\/p>\n<p style=\"text-align:center;\"><strong>26 lipca (sobota rano)<\/strong><\/p>\n<p style=\"text-align:center;\"><strong>godzina: 9:00-12:00.<\/strong><\/p>\n<p>miejsce zbi\u00f3rki: \u00a0rynek w Bolimowie wyruszamy do lasu (prosimy o str\u00f3j sprzyjaj\u0105cy przeprawom przez las)<\/p>\n<p>rekonesans terenowy pt.<\/p>\n<p><em>TO TU! Le\u015bnym szlakiem\u00a0\u017cycia i\u00a0\u015bmierci\u00a0 w okopach pierwszej wojny\u00a0\u015bwiatowej<\/em><\/p>\n<p>&#8211;\u00a0\u00a0\u00a0\u00a0\u00a0\u00a0\u00a0z udzia\u0142em wcze\u015bniej zapisanych os\u00f3b z Polski i Niemiec.<\/p>\n<p>Do udzia\u0142u w warsztatach zaproszeni zostan\u0105\u00a0wszyscy, kt\u00f3rzy zaanga\u017cowali \u00a0si\u0119 dotychczas \u00a0w\u00a0 realizacj\u0119\u00a0projektu m.on.\u00a0\u00a0poprzez czynne uczestnictwo w warsztatach \u00a0pt.\u00a0<em>Upami\u0119tnianie przez dzia\u0142anie<\/em>\u00a0czy w\u00a0 konkursie pt.\u00a0<em>Pierwsza wojna\u00a0\u015bwiatowa nad Rawk\u0105\u00a0i Bzur\u0105. TO by\u0142o w\u0142a\u015bnie TU!\u00a0<\/em>lub udzia\u0142\u00a0w konkursie<\/p>\n<p>(zainteresowani uczestnictwem proszeni s\u0105 kontakt z azalew@op.pl)<\/p>\n<p>&nbsp;<\/p>\n<p style=\"text-align:center;\"><strong>26 lipca (po po\u0142udniu)<\/strong><\/p>\n<p style=\"text-align:center;\"><strong>godzina: 16:00<\/strong><\/p>\n<p>miejsce:<\/p>\n<p>rynek w Bolimowie lub miejsce rekonstrukcji (inscenizacji historycznej) &#8211; decyzja po stronie W\u00f3jta Gminy Bolim\u00f3w, Dyrekcji GOK i Stowarzyszenia Inicjatywa Ziemi Bolimowskiej<\/p>\n<p style=\"text-align:center;\"><strong>Promocja ksi\u0105\u017cki pt.<\/strong><\/p>\n<p style=\"text-align:center;\"><strong><em>Pierwsza wojna\u00a0\u015bwiatowa nad Rawk\u0105\u00a0i materialne po niej pozosta\u0142o\u015bci &#8211;\u00a0<\/em>Seria:\u00a0<em>Przydro\u017cne Lekcje Historii.\u00a0Bitwa nad Rawk\u0105\u00a01914-1915.<\/em><\/strong><\/p>\n<p>Publiczne og\u0142oszenie wynik\u00f3w konkursu<\/p>\n<p>pt.\u00a0<em>Pierwsza wojna\u00a0\u015bwiatowa nad Rawk\u0105\u00a0i Bzur\u0105. TO by\u0142o w\u0142a\u015bnie TU!\u00a0<\/em>oraz wr\u0119czenie nagr\u00f3d<\/p>\n<p>&nbsp;<\/p>\n<p><strong>Lista uczestnik\u00f3w KONKURSU W KOLEJNO\u015aCI ALFABETYCZNEJ WG KATEGORII<\/strong><\/p>\n<p>&nbsp;<\/p>\n<p style=\"text-align:center;\"><strong>Kategoria A do lat 15:<\/strong><\/p>\n<p><strong>1. Aftewicz Aleksandra\u00a0 <\/strong>(kl III SP Bolim\u00f3w)<\/p>\n<p>Praca plastyczna\u00a0 ( rysunek farbami)<\/p>\n<p>&nbsp;<\/p>\n<p><strong>2. Aftewicz Zofia<\/strong> (kl III SP Bolim\u00f3w)<\/p>\n<p>Praca plastyczna\u00a0 (rysunek farbami)<\/p>\n<p>&nbsp;<\/p>\n<p><strong>3. Dymecka Aniela,<\/strong> lat 10<\/p>\n<p>1914-1915 Bolim\u00f3w- 2014 (collage zdj\u0119cia archiwalne i wsp\u00f3\u0142czesne)<\/p>\n<p>&nbsp;<\/p>\n<p><strong>4. Florczak Maria<\/strong> (SP w Huminie, kl. VI)<\/p>\n<p>Praca plastyczna (rysunek \u00a0kredkami)<\/p>\n<p>&nbsp;<\/p>\n<p>5. <strong>Maciej S\u0142upski<\/strong> (Gimnazjum nr 3 w Sochaczewie lat 14 Klasa I c)<\/p>\n<p>Pierwsza wojna \u015bwiatowa nad Rawk\u0105 i Bzur\u0105. To by\u0142o w\u0142a\u015bnie TU!<\/p>\n<p>Prezentacja Power Point<\/p>\n<p>&nbsp;<\/p>\n<p><strong>6. Norowska Monika,<\/strong> kl VI (SP w Huminie)<\/p>\n<p>Praca plastyczna (technika mieszana)<\/p>\n<p>&nbsp;<\/p>\n<p><strong>7. S\u0142awi\u0144ski Maciej, Kozie\u0142 Karol, Wilkoszewski Oliwier <\/strong>Gimnazjum w Bolimowie (kl. 1 ur 2000 lat 14)<\/p>\n<p>Plakat bia\u0142o-czerwony (opis walk i ksera zdj\u0119\u0107)<\/p>\n<p><strong>\u00a0<\/strong><\/p>\n<p style=\"text-align:center;\"><strong>Kategoria A lat 15 i powy\u017cej:<\/strong><\/p>\n<p><strong>\u00a0<\/strong><\/p>\n<p><strong>8. Aleksandra Bura<\/strong> (Gimnazjum w Bolimowie, ur 1999) (l. 15 \u2013 kat B)<\/p>\n<p>I wojna \u015bwiatowa nad Rawk\u0105 i Bzur\u0105 Album z\u00a0fotografiami z\u00a0rekonstrukcji\/ inscenizacji historycznych<\/p>\n<p>* pro\u015bba do autorki: prosz\u0119 o informacj\u0119, czy A. Bura jest autork\u0105 zdj\u0119\u0107 zamieszczonych w Albumie (azalew@op.pl)<\/p>\n<p>&nbsp;<\/p>\n<p><strong>9. Klaudia Gajda, Zi\u0105bska Dominika<\/strong>\u00a0 (Gimnazjum w Bolimowie, ur 1998) (l. 16)<\/p>\n<p>Wywiad I wojna \u015bwiatowa<\/p>\n<p>&nbsp;<\/p>\n<p><strong>10. Ireneusz Skruczaj<\/strong> &#8222;irexskrucz&#8221; &lt;irexskrucz@vp.pl&gt;;<\/p>\n<p>Bitwa pod Bolimowem 1915 (film: REKONSTRUKCJA\u00a0 BITWYPOD BOLIMOWEM 2011)<\/p>\n<p>&nbsp;<\/p>\n<p><strong>11. Pawe\u0142 Rozd\u017cestwie\u0144ski<\/strong> jazlowiak@gmail.com<\/p>\n<p>\u201eZg\u0142aszam na konkurs o WIelkiej Wojnie stron\u0119 \u00a0www.1915.pl\u201c<\/p>\n<p>&nbsp;<\/p>\n<p><strong>12. Martyna Trawczy\u0144ska, Roman Kami\u0144ski (<\/strong>Ruda 20 C )<\/p>\n<p>Bolim\u00f3w I wojna \u015bwiatowa \u2013 To by\u0142o w\u0142a\u015bnie tu praca plastyczna (rysunek o\u0142\u00f3wkiem)<\/p>\n<p>&nbsp;<\/p>\n<p><strong>13. B\u0142a\u017cej Wolniewski, <\/strong><\/p>\n<p>TO CO POZOSTA\u0141O\u00a0 \u2013 materialne \u015blady Wielkiej Wojny\u00a0 w okolicach Bolimowa<\/p>\n<p>opracowanie historyczne<\/p>\n<p>&nbsp;<\/p>\n<p><strong>14. Rafa\u0142 Zatorski, Karolina Robak, Ewelina Reszka (ZSP w Bolimowie)<\/strong><\/p>\n<p>Pierwsza wojna \u015bwiatowa nad Rawk\u0105 i Bzur\u0105<\/p>\n<p>opracowanie histryczno rysunkowe<\/p>\n<p style=\"text-align:center;\"><em><strong>SERDECZNIE DZI\u0118KUJEMY WSZYSTKIM, <\/strong><\/em><\/p>\n<p style=\"text-align:center;\"><em><strong>KT\u00d3RZY ZDECYDOWALI SI\u0118 WZI\u0104\u0106 UDZIA\u0141 W KONKURSIE!<\/strong><\/em><\/p>\n<p style=\"text-align:right;\">Realizacja PROJEKTU\u00a0\u00a0mo\u017cliwa jest<\/p>\n<p style=\"text-align:right;\">dzi\u0119ki dofinansowaniu projektu\u00a0 przez Fundacj\u0119 Wsp\u00f3\u0142pracy Polsko \u2013 Niemieckiej.<\/p>\n<p style=\"text-align:right;\"><a href=\"https:\/\/www.archeopressja.pl\/wp-content\/uploads\/2014\/06\/fwpn1.png\"><img loading=\"lazy\" decoding=\"async\" class=\"alignnone size-full wp-image-320\" src=\"https:\/\/www.archeopressja.pl\/wp-content\/uploads\/2014\/06\/fwpn1.png\" alt=\"fwpn\" width=\"216\" height=\"73\" \/><\/a><\/p>\n<p style=\"text-align:right;\">Projekt realizowany jest pod patronatem \u00a0Instytutu Archeologii i Etnologii PAN<\/p>\n<p style=\"text-align:right;\">opracowanie notatki:<\/p>\n<p style=\"text-align:right;\">Anna Zalewska<\/p>\n<p style=\"text-align:right;\">\n<p style=\"text-align:center;\"><a href=\"https:\/\/www.archeopressja.pl\/wp-content\/uploads\/2014\/06\/pasted-image-206.png\"><img loading=\"lazy\" decoding=\"async\" class=\"alignnone size-medium wp-image-253\" src=\"https:\/\/www.archeopressja.pl\/wp-content\/uploads\/2014\/06\/pasted-image-206.png?w=222\" alt=\"pasted-image-206\" width=\"222\" height=\"300\" srcset=\"https:\/\/www.archeopressja.pl\/wp-content\/uploads\/2014\/06\/pasted-image-206.png 353w, https:\/\/www.archeopressja.pl\/wp-content\/uploads\/2014\/06\/pasted-image-206-222x300.png 222w\" sizes=\"auto, (max-width: 222px) 100vw, 222px\" \/><\/a><\/p>\n<p style=\"text-align:center;\">\n<p style=\"text-align:center;\"><a href=\"https:\/\/www.archeopressja.pl\/wp-content\/uploads\/2014\/06\/dsc5424-184.jpg\"><img loading=\"lazy\" decoding=\"async\" class=\"alignnone size-full wp-image-234\" src=\"https:\/\/www.archeopressja.pl\/wp-content\/uploads\/2014\/06\/dsc5424-184.jpg\" alt=\"_DSC5424-184\" width=\"268\" height=\"178\" \/><\/a><\/p>\n<p style=\"text-align:center;\"><a href=\"https:\/\/www.archeopressja.pl\/wp-content\/uploads\/2014\/06\/dsc5403-small-211.jpg\"><img loading=\"lazy\" decoding=\"async\" class=\"alignnone size-full wp-image-233\" src=\"https:\/\/www.archeopressja.pl\/wp-content\/uploads\/2014\/06\/dsc5403-small-211.jpg\" alt=\"_DSC5403-small-211\" width=\"256\" height=\"171\" \/><\/a>\u00a0<a href=\"https:\/\/www.archeopressja.pl\/wp-content\/uploads\/2014\/06\/dsc5370-small-187.jpg\"><img loading=\"lazy\" decoding=\"async\" class=\"alignnone size-full wp-image-229\" src=\"https:\/\/www.archeopressja.pl\/wp-content\/uploads\/2014\/06\/dsc5370-small-187.jpg\" alt=\"_DSC5370-small-187\" width=\"256\" height=\"170\" \/><\/a><\/p>\n<p style=\"text-align:center;\">Kadry z wykopalisk: Archeologia Wielkiej Wojny w okolicy Ypres w Belgii (fot. A. Zalewska, maj 2014)<\/p>\n<div id=\"themify_builder_content-345\" data-postid=\"345\" class=\"themify_builder_content themify_builder_content-345 themify_builder themify_builder_front\">\n\t<\/div>\n<!-- \/themify_builder_content -->","protected":false},"excerpt":{"rendered":"<p>Najbli\u017csze planowane dzia\u0142ania: \u00a0 Etap III Kulminacja: Przywracanie pami\u0119ci o wydarzeniach z lat 1914-1915 w rejonie Rawki w setn\u0105\u00a0rocznic\u0119\u00a0Wielkiej Wojny 25 lipca (pi\u0105tek) Rozstrzygni\u0119cie konkursu pt.\u00a0Pierwsza wojna\u00a0\u015bwiatowa nad Rawk\u0105\u00a0i Bzur\u0105. TO by\u0142o w\u0142a\u015bnie TU!\u00a0 EWENTUALNE DZIA\u0141ANIA EDUKACYJNE Z UDZIA\u0141EM GO\u015aCI Z NIEMIEC I M\u0141ODZIE\u017bY OTWARTEJ NA WSP\u00d3\u0141PRAC\u0118\u00a0 POLSKO-NIEMIECK\u0104 (zainteresowani uczestnictwem proszeni s\u0105 kontakt z azalew@op.pl) [&hellip;]<\/p>\n","protected":false},"author":2,"featured_media":0,"parent":0,"menu_order":0,"comment_status":"open","ping_status":"open","template":"","meta":{"footnotes":""},"class_list":["post-345","page","type-page","status-publish","hentry","has-post-title","has-post-date","has-post-category","has-post-tag","has-post-comment","has-post-author"],"_links":{"self":[{"href":"https:\/\/www.archeopressja.pl\/index.php?rest_route=\/wp\/v2\/pages\/345","targetHints":{"allow":["GET"]}}],"collection":[{"href":"https:\/\/www.archeopressja.pl\/index.php?rest_route=\/wp\/v2\/pages"}],"about":[{"href":"https:\/\/www.archeopressja.pl\/index.php?rest_route=\/wp\/v2\/types\/page"}],"author":[{"embeddable":true,"href":"https:\/\/www.archeopressja.pl\/index.php?rest_route=\/wp\/v2\/users\/2"}],"replies":[{"embeddable":true,"href":"https:\/\/www.archeopressja.pl\/index.php?rest_route=%2Fwp%2Fv2%2Fcomments&post=345"}],"version-history":[{"count":0,"href":"https:\/\/www.archeopressja.pl\/index.php?rest_route=\/wp\/v2\/pages\/345\/revisions"}],"wp:attachment":[{"href":"https:\/\/www.archeopressja.pl\/index.php?rest_route=%2Fwp%2Fv2%2Fmedia&parent=345"}],"curies":[{"name":"wp","href":"https:\/\/api.w.org\/{rel}","templated":true}]}}